-347
In base 13, what is 0 - -19?
19
In base 13, what is -132 + 3?
-12c
In base 14, what is 409 - -3?
40c
In base 14, what is -3 - -74?
71
In base 4, what is -11 - 3?
-20
In base 5, what is 10 - 1411?
-1401
In base 15, what is -d8 - 4?
-dc
In base 3, what is -11 - 1120121?
-1120202
In base 14, what is -31d + -1a?
-339
In base 11, what is -4 + 84?
80
In base 11, what is 0 + -535?
-535
In base 12, what is -3 + 31b?
318
In base 15, what is -26 + -5?
-2b
In base 13, what is 8 + -21?
-16
In base 10, what is -1022 + -4?
-1026
In base 2, what is -11 - 10001010?
-10001101
In base 14, what is -1 - -1abd?
1abc
In base 12, what is -412 - -b?
-403
In base 3, what is 120011022 - 11?
120011011
In base 4, what is -2 - -233?
231
In base 15, what is -4 - 22a?
-22e
In base 5, what is -1 - -304?
303
In base 5, what is -13 - 1121?
-1134
In base 14, what is 22 + -4b?
-29
In base 9, what is -357 + -2?
-360
In base 13, what is -370b - 3?
-3711
In base 10, what is 4 + -1741?
-1737
In base 16, what is -e2 + 3?
-df
In base 2, what is -11010011110 - 101?
-11010100011
In base 15, what is -25e - 4?
-263
In base 11, what is 2 - 803?
-801
In base 11, what is 939 + 4?
942
In base 9, what is 2 - -104?
106
In base 2, what is 11 - 1101100?
-1101001
In base 3, what is 20011 - 12?
12222
In base 15, what is 5a + 6?
61
In base 6, what is 2 - 10?
-4
In base 5, what is 1 + 231?
232
In base 2, what is -10 + -101101?
-101111
In base 11, what is -5 - -23?
19
In base 13, what is -27 + -10?
-37
In base 13, what is 1378 - 2?
1376
In base 10, what is -34 + -42?
-76
In base 7, what is 1430 + 3?
1433
In base 4, what is -10 - 22021?
-22031
In base 2, what is 101010110100 + -10?
101010110010
In base 9, what is 532 + -6?
525
In base 8, what is 4 - -1003?
1007
In base 9, what is 1 - -623?
624
In base 9, what is 2467 - 3?
2464
In base 13, what is -1 + a7?
a6
In base 12, what is -957 + 5?
-952
In base 9, what is 4460 - 2?
4457
In base 3, what is 2100 + 11?
2111
In base 3, what is 1 + -2221102?
-2221101
In base 9, what is 15 + 608?
624
In base 6, what is -153 - 1353?
-1550
In base 5, what is 0 + -123?
-123
In base 5, what is 120 + -1340?
-1220
In base 15, what is -1eb + 2?
-1e9
In base 12, what is 13 + -11?
2
In base 12, what is -5 - 172?
-177
In base 16, what is -3 + 4c7?
4c4
In base 6, what is -4 - -452?
444
In base 7, what is -4 - 110?
-114
In base 13, what is 159 - b?
14b
In base 10, what is -27 + -125?
-152
In base 4, what is 3 + 13?
22
In base 8, what is -774 + 0?
-774
In base 10, what is -3 + 361?
358
In base 12, what is -3 + -1b?
-22
In base 14, what is 8 + 3d?
47
In base 10, what is -168 - -57?
-111
In base 14, what is -1 + 5d?
5c
In base 3, what is 12202020 + 10?
12202100
In base 10, what is 0 + -580?
-580
In base 7, what is -452 - 1?
-453
In base 3, what is -1212 - -2200?
211
In base 5, what is -110 + -1340?
-2000
In base 6, what is 4 + 254?
302
In base 12, what is -28 + 3a?
12
In base 6, what is 5 - -112?
121
In base 11, what is -23 + -45?
-68
In base 15, what is -26a4 - -5?
-269e
In base 2, what is -101101110 - -11000?
-101010110
In base 2, what is -101000011 + -111?
-101001010
In base 6, what is -5 - 22?
-31
In base 3, what is -2111111 - -12?
-2111022
In base 4, what is 2203031 + -2?
2203023
In base 4, what is -1 + 100233?
100232
In base 12, what is -394 - b?
-3a3
In base 15, what is 5 + 249?
24e
In base 11, what is 1 - 252?
-251
In base 8, what is 5 - 74?
-67
In base 3, what is 111 + -2122011?
-2121200
In base 11, what is 34 - -5?
39
In base 12, what is 2 + -6?
-4
In base 7, what is 3 - -51?
54
In base 14, what is -5 + 16?
11
In base 9, what is 821 - 5?
815
In base 15, what is -c2 - -2?
-c0
In base 4, what is -211320 + 0?
-211320
In base 2, what is -101100001111 + -11?
-101100010010
In base 16, what is 4b + -35?
16
In base 13, what is 5 + -24?
-1c
In base 14, what is -5 - 61?
-66
In base 8, what is 5040 + -3?
5035
In base 15, what is 906 + 4?
90a
In base 10, what is 9 - 3508?
-3499
In base 7, what is 41 - 6?
32
In base 15, what is -3 - ee?
-102
In base 14, what is -4 + -45?
-49
In base 15, what is -1 + -1b?
-1c
In base 12, what is 230 + 6?
236
In base 15, what is -1 + 938?
937
In base 7, what is 304 - -1?
305
In base 8, what is -20053 - 0?
-20053
In base 4, what is -11 + -23022?
-23033
In base 3, what is -20210 + 11?
-20122
In base 4, what is 2020 - 11?
2003
In base 13, what is -3 - -42?
3c
In base 3, what is 1000 - -101?
1101
In base 16, what is -1 - 9?
-a
In base 8, what is 20 + 1541?
1561
In base 12, what is 9 - 17?
-a
In base 9, what is -20 - 6?
-26
In base 11, what is 19 - 49?
-30
In base 7, what is 632 + 5?
640
In base 8, what is -1 + -1427?
-1430
In base 16, what is 6 - -3?
9
In base 7, what is -3 + -42?
-45
In base 6, what is -4 + -552?
-1000
In base 5, what is -3 + -311?
-314
In base 8, what is -20 - 104?
-124
In base 13, what is 31 - 4?
2a
In base 13, what is 12623 + 5?
12628
In base 13, what is 5 + -15?
-10
In base 4, what is -13033 + 3?
-13030
In base 2, what is -100101111 + 11?
-100101100
In base 9, what is -1387 + 8?
-1378
In base 6, what is 2 + -543?
-541
In base 4, what is 102 - 211?
-103
In base 7, what is 1 + -12533?
-12532
In base 2, what is -101 + 110010001010?
110010000101
In base 15, what is 0 + -a8c?
-a8c
In base 13, what is ac + 61?
140
In base 5, what is 10 - 143011?
-143001
In base 14, what is 4 - -5d?
63
In base 5, what is 4434 - 3?
4431
In base 10, what is 538 + 0?
538
In base 5, what is 123 - 0?
123
In base 5, what is 0 - -2003?
2003
In base 8, what is -1125 - 2?
-1127
In base 16, what is 4 - -7?
b
In base 2, what is -1000011101 - -11?
-1000011010
In base 14, what is 2 - 3?
-1
In base 6, what is -21 + 3?
-14
In base 10, what is 15 - 21?
-6
In base 6, what is -105 + 430?
321
In base 14, what is 4dd2 + -4?
4dcc
In base 13, what is 2c + -1?
2b
In base 6, what is 3120 - -4?
3124
In base 14, what is 2137 + 4?
213b
In base 8, what is -2 - -574?
572
In base 12, what is -1 - 29?
-2a
In base 6, what is 14 + 121?
135
In base 15, what is -4 + 5d2?
5cd
In base 16, what is -4 + d?
9
In base 7, what is -41162 + 0?
-41162
In base 3, what is -10000 + 1010?
-1220
In base 15, what is -4 - 35?
-39
In base 15, what is -969 - 4?
-96d
In base 5, what is 3 + 11314?
11322
In base 6, what is -103 - -34?
-25
In base 16, what is -2 + -b0?
-b2
In base 3, what is -20222 - 2000?
-22222
In base 4, what is 13123 - 0?
13123
In base 5, what is 4 + -142124?
-142120
In base 5, what is -44 + 4?
-40
In base 7, what is -3656 - 4?
-3663
In base 15, what is 19e - 5?
199
In base 4, what is -11 - -10011?
10000
In base 15, what is 2 + a7?
a9
In base 2, what is 111100111 + -110?
111100001
In base 8, what is -352 + -15?
-367
In base 5, what is 131112 - -10?
131122
In base 13, what is -4 - 3c?
-43
In base 6, what is 0 - 314?
-314
In base 2, what is 1 - -11100011?
11100100
In base 14, what is 3 - -609?
60c
In base 15, what is 3 - 4d?
-4a
In base 6, what is 3121 - 2?
3115
In base 8, what is -222 - 2?
-224
In base 13, what is 1a - -5?
22
In base 4, what is 121 - 23?
32
In base 9, what is 8247 - -3?
8251
In base 13, what is -100 - -2?
-cb
In base 13, what is -165 - 5?
-16a
In base 5, what is -13 - 104?
-122
In base 7, what is -42 + -232?
-304
In base 15, what is -42 + -3?
-45
In base 13, what is -1 + -2c2c?
-2c30
In base 7, what is -1656 + -21?
-2010
In base 16, what is -9 - 13?
-1c
In base 3, what is 1 - 12220111?
-12220110
In base 5, what is 10244 - 0?
10244
In base 5, what is -1113 - -104?
-1004
In base 14, what is -5 - -2?
-3
In base 8, what is -127 - 6?
-135
In base 15, what is 2d + -8?
25
In base 9, what is -13 + -2205?
-2218
In base 13, what is 2 + -2b?
-29
In base 12, what is 5 - -913?
918
In base 4, what is 101 + 110?
211
In base 5, what is 220030 - -10?
220040
In base 4, what is -23 - -22023?
22000
In base 13, what is 1 + -287?
-286
In base 8, what is 16 - -110?
126
In base 16, what is 4d - 1?
4c
In base 14, what is -2 + -511?
-513
In base 12, what is 5 + -360?
-357
In base 4, what is -10 + 220?
210
In base 12, what is 0 + -1a?
-1a
In base 2, what is -110100111 - -1?
-110100110
In base 6, what is 12 - -3?
15
In base 12, what is b4 - -20?
114
In base 5, what is 4 + -4300?
-4241
In base 7, what is 60 - -4?
64
In base 14, what is 83 - -2?
85
In base 6, what is 4 - -33?
41
In base 11, what is -1